(z) = 2*z**3 + 37*z**2 + 93*z - 7. Determine b(-3).
-7
Let l(i) = -i**2 - 28*i + 852. Calculate l(-53).
-473
Let h(a) = -74*a + 126. Give h(7).
-392
Let j(z) = 2*z**3 + 2*z**2 - 4*z - 4. Give j(5).
276
Let m(w) = 100*w**2 + 3*w - 2. Give m(0).
-2
Let y(d) = -4*d**2 + 451*d + 412. Calculate y(114).
-158
Let t(q) = 2148*q + 73042. Give t(-34).
10
Let q(s) = -8*s**2 + 57*s + 24. Calculate q(7).
31
Let k(m) = -63*m + 8165. Determine k(129).
38
Let z(o) = 4*o**3 + 19*o**2 - 15*o - 56. Give z(-5).
-6
Let x(a) = 122*a**2 - 632*a + 9. Give x(5).
-101
Let v(o) = o**3 + 2*o**2 + 3*o - 14. What is v(-5)?
-104
Let k(f) = 3*f**3 - 43*f**2 - 4*f - 391. Determine k(15).
-1
Let t(r) = -25*r**2 - 139*r - 163. What is t(-4)?
-7
Let f(o) = -o**3 + 140*o**2 + 3748*o + 170. Determine f(163).
7
Let o(r) = 4*r**2 + 382*r + 3577. What is o(-85)?
7
Let y(z) = -12*z**2 + 106*z - 224. What is y(5)?
6
Let o(l) = l**2 - 129*l + 130. Determine o(128).
2
Let a(y) = -116*y**3 + 10*y**2 + 4*y - 14. Determine a(1).
-116
Let u(f) = 53*f + 178. Calculate u(-8).
-246
Let t(q) = -9*q - 161. Give t(-31).
118
Let d(x) = -9*x**2 + 361*x - 48. What is d(40)?
-8
Let j(z) = -1783*z - 55304. What is j(-31)?
-31
Let h(r) = 220*r - 887. Determine h(4).
-7
Let w(n) = -n**2 + 57*n - 537. Calculate w(12).
3
Let i(j) = 45*j**2 - 856*j - 2. What is i(19)?
-21
Let n(k) = -k**3 + 48*k**2 - 221*k + 272. Determine n(43).
14
Let i(h) = -h**2 - 19*h - 75. What is i(-10)?
15
Let b(i) = -7010*i + 56095. Determine b(8).
15
Let v(q) = -194*q - 1400. Determine v(-7).
-42
Let k(o) = 4799*o - 43194. What is k(9)?
-3
Let n(l) = 2*l + 268. What is n(-123)?
22
Let z(a) = 62*a + 101. Give z(-4).
-147
Let y(n) = -21*n + 250. Determine y(-34).
964
Let j(k) = -9*k**3 - 17*k**2 - 3*k - 3. Determine j(-3).
96
Let t(b) = -5*b**2 + 193*b + 61. Give t(39).
-17
Let y(a) = 58*a + 484. Calculate y(-9).
-38
Let k(m) = -5579*m - 251056. Calculate k(-45).
-1
Let i(d) = 10*d**2 + 187*d - 10. Determine i(-19).
47
Let j(r) = -5*r**2 + 120*r - 607. Give j(17).
-12
Let d(o) = 2*o**2 - 7*o - 181. What is d(12)?
23
Let j(o) = 3*o**2 - 77*o + 357. Determine j(18).
-57
Let b(k) = k**3 + 2*k**2 - 82*k - 22. Determine b(-10).
-2
Let t(h) = -2*h**2 + 27*h + 357. What is t(-8)?
13
Let g(v) = -39*v**2 - 10*v + 14. Determine g(2).
-162
Let h(i) = -i**3 - 12*i**2 - 24*i - 59. What is h(-12)?
229
Let b(r) = r**2 - 57*r - 273. Give b(63).
105
Let u(d) = -115*d - 914. Give u(-8).
6
Let p(q) = 549*q - 220698. Calculate p(402).
0
Let n(c) = -30*c + 269. Give n(7).
59
Let o(p) = 2*p**3 + 33*p**2 + 24*p + 35. Determine o(-16).
-93
Let l(x) = -x**2 + 93*x + 386. Give l(-4).
-2
Let o(n) = -140*n - 4327. Give o(-31).
13
Let m(q) = 34*q + 823. Determine m(-24).
7
Let z(a) = a**2 + 219*a + 3461. Determine z(-17).
27
Let q(b) = b**3 + 21*b**2 + 114*b + 46. Determine q(-9).
-8
Let h(z) = 7*z**2 - 130*z - 159. What is h(19)?
-102
Let d(z) = -2*z**3 + 92*z**2 + 291*z + 143. Give d(49).
-4
Let h(j) = 3*j - 87. Give h(21).
-24
Let o(d) = -d**2 - 39*d - 95. Calculate o(-35).
45
Let f(q) = -q**2 - 1204*q - 8416. Give f(-7).
-37
Let q(s) = 620*s - 7440. Determine q(12).
0
Let c(k) = -1532*k + 24493. Determine c(16).
-19
Let q(z) = z**2 - 44*z + 287. Calculate q(37).
28
Let z(y) = -4*y**2 - 80*y + 12. Determine z(-21).
-72
Let k(w) = 23*w - 93. Determine k(4).
-1
Let o(f) = -14*f - 414. Calculate o(-12).
-246
Let f(m) = 4*m**2 - 7*m - 8. Calculate f(-2).
22
Let m(w) = 72*w + 3299. Determine m(-46).
-13
Let g(q) = 10*q - 507. Determine g(48).
-27
Let c(q) = -25*q + 26. What is c(6)?
-124
Let i(h) = 39603*h - 158415. What is i(4)?
-3
Let b(a) = -a**2 - 139*a + 3628. Determine b(22).
86
Let k(c) = 2*c**2 + 74*c - 231. Determine k(3).
9
Let r(f) = f**2 - 3*f + 10. Calculate r(-4).
38
Let x(o) = -o**3 + 13*o**2 - 10*o + 20. What is x(13)?
-110
Let r(d) = d**3 + 31*d**2 - 2*d - 103. Determine r(-31).
-41
Let q(a) = a**3 - a**2 - 8*a - 622. What is q(0)?
-622
Let f(q) = -4*q**3 - 37*q**2 + 24*q - 66. Determine f(-10).
-6
Let f(q) = q**3 - 19*q**2 - 38*q + 68. Calculate f(23).
1310
Let y(g) = -g**2 + 27*g - 49. Calculate y(26).
-23
Let j(f) = -f**2 - 126*f - 3905. What is j(-53)?
-36
Let k(u) = u**3 - 44*u**2 + 124*u - 71. Give k(41).
-30
Let r(v) = -2*v**3 + 14*v**2 + 69*v - 89. What is r(10)?
1
Let c(r) = 2*r**3 - 42*r**2 + 206*r - 380. Give c(15).
10
Let r(q) = 39*q + 49. Give r(-1).
10
Let g(t) = 245*t - 9076. Calculate g(37).
-11
Let q(n) = -2839*n - 31235. Calculate q(-11).
-6
Let h(t) = -139*t - 1546. Calculate h(-13).
261
Let w(o) = 56*o**3 - 6*o**2 + 6*o + 1. Calculate w(1).
57
Let r(y) = y**3 - 15*y**2 - 21*y + 508. Calculate r(14).
18
Let j(t) = 17*t**2 - 25*t + 15. Give j(5).
315
Let a(x) = 25*x + 359. Calculate a(-16).
-41
Let q(g) = -318*g - 4777. Give q(-15).
-7
Let k(o) = o**3 + 10*o**2 - 37. Calculate k(-9).
44
Let q(j) = -5*j**2 - 44*j - 87. Give q(-5).
8
Let x(z) = -47*z - 65. What is x(-8)?
311
Let m(q) = -q**3 - 26*q**2 - 24*q + 37. Calculate m(-25).
12
Let x(p) = 3*p**2 + 263*p - 80. Determine x(-87).
-254
Let d(b) = b**3 + 11*b**2 - 63*b - 290. What is d(-14)?
4
Let z(r) = -2*r**3 + 37*r**2 + 114*r - 25. Calculate z(-3).
20
Let d(q) = -q**3 - 54*q**2 - 98*q - 2329. What is d(-53)?
56
Let s(b) = -b**2 + 10*b - 248. Calculate s(11).
-259
Let c(r) = 6*r**3 + 35*r**2 - 12*r - 28. Determine c(-6).
8
Let l(x) = -76*x**2 + 20*x + 37. Give l(-2).
-307
Let m(c) = 2*c**3 - 41*c**2 + 46*c - 45. Determine m(19).
-254
Let m(h) = 48*h + 2161. Determine m(-45).
1
Let a(o) = o**2 + 74*o + 786. Determine a(-13).
-7
Let z(m) = 4*m + 34. Determine z(27).
142
Let p(a) = 4*a**2 + 7*a - 105. What is p(7)?
140
Let x(p) = 117*p + 5688. Determine x(-49).
-45
Let f(k) = -1990*k - 13911. Determine f(-7).
19
Let r(n) = -n**3 + n + 5. Calculate r(-2).
11
Let i(l) = 3*l**3 - 141*l**2 + 1258*l + 77. What is i(35)?
7
Let m(u) = -8*u**2 + 533*u - 37. Give m(66).
293
Let b(d) = 23*d - 215. Give b(8).
-31
Let l(d) = -9*d**2 + 64*d - 97. Calculate l(5).
-2
Let f(j) = -904*j - 12644. Determine f(-14).
12
Let h(c) = c**2 - 10*c - 22. Calculate h(-6).
74
Let w(h) = h**2 + 45*h - 723. Calculate w(-60).
177
Let a(r) = -10*r - 249. What is a(-26)?
11
Let g(p) = -35*p + 5. What is g(7)?
-240
Let w(q) = -q**3 - 18*q**2 - 63*q - 271. Give w(-15).
-1
Let z(j) = -36*j**3 + 4*j**2 + 47*j - 51. Determine z(1).
-36
Let u(y) = -107*y**3 - 2*y**2 + 78*y + 78. What is u(-1)?
105
Let x(q) = 65*q - 128. Give x(2).
2
Let q(c) = c**3 - 51*c**2 - 303*c + 17649. Determine q(50).
-1
Let f(j) = -66*j**3 - j**2 + 8*j - 5. Give f(1).
-64
Let d(j) = j**2 - 104*j - 664. Calculate d(110).
-4
Let m(u) = 17*u - 112. Calculate m(4).
-44
Let d(t) = 2*t**3 - 8*t**2 - 4*t + 11. Calculate d(-4).
-229
Let a(o) = 10*o**2 - 98*o + 187. Determine a(7).
-9
Let b(g) = -65*g - 1168. What is b(-18)?
2
Let s(c) = 43*c - 903. Give s(20).
-43
Let f(d) = 65*d - 738. Determine f(9).
-153
Let l(y) = -y**2 - 18*y + 50. Calculate l(-19).
31
Let c(k) = -3*k**2 + 23*k - 42. Determine c(5).
-2
Let w(k) = 195*k + 1952. Give w(-10).
2
Let f(u) = 7*u**3 + 36*u**2 - 36*u. Give f(1).
7
Let b(j) = 19*j**2 + 80*j + 5. What is b(-4)?
-11
Let p(x) = x**3 - 14*x**2 + 23*x + 24. Calculate p(10).
-146
Let m(z) = z**2 + 18*z - 167. What is m(8)?
41
Let b(a) = 18*a**3 + 2*a**2 + 50*a + 100. Determine b(-2).
-136
Let p(t) = -281*t**2 + 42149*t + 158. Give p(150).
8
Let y(n) = n**3 + 19*n**2 + 31*n + 20. What is y(-17)?
71
Let c(k) = k**2 + 329*k + 20587. Determine c(-84).
7
Let r(i) = 2*i**2 + 1461*i - 5868. Give r(4).
8
Let u(v) = 9101*v + 16. Determine u(0).
16
Let t(d) = -3*d**2 + 23*d - 39. Determine t(3).
3
Let t(y) = 11*y**3 + 5*y**2 - 6*y - 11. Give t(-2).
-67
Let r(h) = 2*h**2 - h - 1636. Give r(-28).
-40
Let c(q) = 6*q - 19. Give c(3).
-1
Let n(x) = 22*x - 850. Determine n(43).
96
Let b(k) = 3*k**2 - 115*k - 340. Calculate b(41).
-12
Let i(k) = k**3 + 7*k**2 - 15*k - 23. What is i(-7)?
82
Let k(v) = v**3 + 5*v**2 + 12*v + 29. Give k(-4).
-3
Let y(m) = 3*m**2 - 185*m + 103. Give y(61).
-19
Let j(l) = -l**3 - 50*l**2 + 155*l. What is j(3)?
-12
Let a(r) = 3452*r + 176058. Calculate a(-51).
6
Let g(z) = -18*z**2 + 147*z - 12. What is g(8)?
12
Let d(f) = 7*f**2 + 129*f + 677. What is d(-5)?
207
Let l(k) = -5*k**3 + 54*k**2 + 24*k - 13. Determi